 + 0 + 1/60*m**5 + 0*m**4 + 9*m**2 - 1/3*m**3. Give k(2).
2
Suppose z - 6*z - 17 = -3*b, -5*b - 1 = -z. Let x(f) = 9*f**2 + f + 1. Let c(y) = -y**2 + 1. Let o(v) = c(v) - x(v). What is o(b)?
-9
Let y(r) be the second derivative of 5*r**3/6 - 6*r**2 + 880*r. Calculate y(5).
13
Let b(o) = -142*o**3 - 7*o**2 - 10. Let u(a) = -95*a**3 - 5*a**2 - 7. Let l(h) = -5*b(h) + 7*u(h). Calculate l(-1).
-44
Let q = 8 + -5. Let f(n) be the third derivative of 0*n - n**2 - 1/12*n**4 + 2/3*n**q + 0. Determine f(-3).
10
Let k(b) = -b**2 - 7*b - 4. Suppose 6*f + 14 = 7*f. Suppose 0 = p + p - 2*j + f, 2*p - j = -13. Calculate k(p).
2
Let f(v) be the first derivative of v**4/4 + 8*v**3/3 - 9*v**2/2 + 2*v + 2. Let i(w) = -4*w + 14. Let n be i(-12). Let s = 53 - n. Give f(s).
2
Let d(j) = 2*j + 6 - 3*j - 7 + 0. What is d(-8)?
7
Let v(c) = -8*c + 217 + 13*c - c - 221 - 5*c. Let g be (1/(-2))/((-1)/(-12)). What is v(g)?
2
Let k(s) = -5*s. Suppose 3*i - 9 = z, -2*i - 3*z = -2*z - 1. Let y(c) = c. Let o(t) = i*k(t) + 11*y(t). Determine o(-3).
-3
Let y(u) = u**3 - u + 5. Suppose 55 - 55 = 8*z. Give y(z).
5
Let n be -1 + 0 + 4/1. Suppose -11 + 7 = -4*s. Let z(g) = -1 + 2*g**3 + s + 2*g**2 - 2 - g**n - 2*g. What is z(-2)?
2
Suppose 0 = -8*s - 14 - 18. Suppose -3*p - k = -50 - 32, -2*k = 2*p - 60. Let h(q) = -12 + p + 2*q - 13. Give h(s).
-7
Let b(k) = k**2 + 7*k + 2. Let z = 629 - 635. Give b(z).
-4
Let o(z) = -1. Let n(w) = 4*w + 8. Let q(a) = -2*n(a) - 17*o(a). Let g = 5 - 7. What is q(g)?
17
Let x(q) = 10*q**2 - 13*q - 14. Let a(p) = 7*p**2 - 9*p - 9. Let c(t) = -7*a(t) + 5*x(t). Suppose -12 + 40 = 2*w - 4*n, -5*n - 38 = -3*w. Give c(w).
17
Let c(q) = 3*q + 1. Let l(m) = -8*m - 8. Let z(h) = -4*c(h) - 2*l(h). What is z(-5)?
-8
Let n(w) = 20*w**2 - 36*w - 24. Let y(j) = -7*j**2 + 12*j + 8. Let v(u) = -6*n(u) - 17*y(u). What is v(10)?
28
Suppose -2*g + 4*g = 14. Suppose 1 + 2 = 3*u. Suppose -4*i - g = u. Let n(a) = -a**3 - a**2 + a + 1. Determine n(i).
3
Let w(l) be the second derivative of l**5/20 - l**3/3 + l**2/2 - l. Suppose 11*a - 37 = -26*a. Calculate w(a).
0
Let n(p) = 2*p - 3*p - 1 + 2*p. Suppose -6 = 3*g + 3*m, -5*m = -4*g + 36 + 1. Suppose 3*x - c + 7 = 0, x + 12*c - g = 15*c. Determine n(x).
-4
Suppose x + 26 = 5*w + 1, -2*x = -w - 4. Let p(a) = -a + 9. What is p(w)?
3
Let c be (-18)/15*(-6 + 1). Suppose -c*w - 25 = -w. Let z(r) = -r**3 - 4*r**2 + 4*r - 4. What is z(w)?
1
Let d be ((-2)/2)/(5/(-20)). Suppose 6*f - 6 = d*f. Suppose -f*c + 2 = -c. Let g(j) = -3*j**2 - j. Give g(c).
-4
Let t = 175 - 166. Let x(q) = 3*q. What is x(t)?
27
Suppose -2 = -b - 4. Let a be (-7)/2 - b/4. Let j(v) = 2*v**2 - v**3 + 2*v - v + 2*v**2 + 4 - 12*v**2 + 6*v**2. Determine j(a).
10
Let t be ((-2)/(-4))/(1/(-2)). Let k(z) = -1. Let q(m) = 7*m. Let b(r) = 14*r. Let f(i) = -3*b(i) + 5*q(i). Let j(d) = -f(d) - k(d). What is j(t)?
-6
Suppose 5*y - 11 = -3*t + 13, t - 5*y = -12. Let p(k) = k**3 - 5*k**2 + 2*k - 1. Give p(t).
-13
Let r(m) = 8 - 4 - 3 - 6*m. Determine r(2).
-11
Let h(z) = 19*z**3 + 2*z**2 + z. Let p(b) = b**3 - 13*b**2 - 26*b - 61. Let c be p(15). Calculate h(c).
-18
Let r(i) be the first derivative of -i**5/20 - i**4/12 + i**3/6 - 2*i**2 + 21*i + 23. Let c(f) be the first derivative of r(f). What is c(0)?
-4
Let z(r) be the second derivative of -r**5/20 - r**4 - 4*r**3/3 + 6*r**2 + 164*r. What is z(-11)?
-21
Suppose -2*y = 3*h + 4, -3 = 2*h - 4*y + 5. Let g(x) = -10*x - 4. Give g(h).
16
Let i(f) = 1036*f**2 - f + 1034*f**2 + 3 - 2069*f**2. Determine i(3).
9
Suppose -v = -4*v - 3, -5 = 2*t + 5*v. Suppose t = 4*m + m + 35. Let g(u) = 0*u**3 + 15*u**2 + 2*u**3 + 3 + 8*u**2 - 30*u**2 - 3*u**3. What is g(m)?
3
Let w(f) = -f. Suppose -3*n = -8*n, -3*u + 27 = 5*n. Suppose -3 = 6*x - u. Let o be 8/(-24)*x*3. What is w(o)?
1
Let r(b) = -8*b**3 + 14*b**2 - 20*b - 1. Let l(w) = w - 14. Let z be l(8). Let h(u) = 7*u**3 - 14*u**2 + 19*u. Let p(d) = z*r(d) - 7*h(d). Determine p(13).
6
Let y be (2/4)/(3/30). Suppose -1 + y = 2*s. Let u(p) be the third derivative of -p**6/120 + p**5/30 - p**4/6 + p**3/2 - 34*p**2. Calculate u(s).
-5
Let v(g) = g**2 - 8*g + 7. Let l be v(7). Let f(p) = -p - 5. Let i be f(l). Let d(w) = w - 4. Let t(h) = h + 1. Let u(n) = d(n) - 2*t(n). Give u(i).
-1
Let k(v) = 5*v**2 + v. Suppose -4*m + 16 = -4. Suppose -m*o = -3*y - 16, -4*o - 9 = 3*y - 38. Suppose 0 + 3 = y*f. Determine k(f).
6
Let n(l) = 5*l**2 - 4*l + 4. Let t(x) = -x**3 + x**2 - x + 1. Let s(y) = n(y) - 3*t(y). Let z = 2333 - 2335. What is s(z)?
-13
Let a(m) = -2*m. Let l(f) = -f**3 - 16*f**2 - 2*f - 30. Let w be l(-16). Suppose -w*d + 5 = -1. What is a(d)?
-6
Let j(o) = -2*o - 4. Let q(f) = f + 5. Let v be q(-5). Let g be -1 + (-8)/(v - -4). Give j(g).
2
Let g(h) = h**3 - 9*h**2 + 9*h + 2. Suppose 30 = -7*r + 86. Calculate g(r).
10
Let n(j) = -7*j**2 - 5*j - 1. Let m(s) = s. Let l(p) = -6*m(p) - n(p). Let a = -3205 - -3206. Calculate l(a).
7
Let t(g) = -2*g. Let w = 213 - 211. Give t(w).
-4
Let r(j) = -j - 2. Suppose -2*o - 40 = 12. Suppose 0 = -4*c - 0*x - 2*x + 114, -2*x = -2. Let t = c + o. Determine r(t).
-4
Let d(f) be the first derivative of -f**2/2 - f + 83. Give d(2).
-3
Let m(w) = 3*w + 9. Let g(d) = -5*d - 8. Let x(v) = -2*g(v) - 3*m(v). Calculate x(9).
-2
Let n(c) = 4*c**2 + 4*c - 14. Let y(k) = -3*k**2 - 4*k + 12. Let u(j) = 4*n(j) + 5*y(j). Determine u(5).
9
Let w(x) = 26*x. Let i(s) = 9*s. Let k(m) = -17*i(m) + 6*w(m). Let y = 36 + -39. Give k(y).
-9
Suppose -17*i + 15 = -12*i. Let x be (2 - i) + (-4)/(-1). Let y(d) = -2*d**2 + 5*d - 2. Calculate y(x).
-5
Let d(p) = 9*p - 1. Suppose -7*a + 33*a = -26. Calculate d(a).
-10
Suppose 5*s + h - 81 = 3*h, 0 = -5*s - 3*h + 66. Let l be 2*3*5/s. Let k(i) = -14 - l*i - 10 + i + 8. Calculate k(0).
-16
Let n(z) = z**2 - 9*z + 2. Let s be ((-30)/20)/(1/(-2)). Let h be (10 + -1 - s)/((-2)/(-2)). Determine n(h).
-16
Let o(l) = 3 - 2 - 2. Let t(a) = -a**2 - 3*a + 3. Let n(f) = 4*o(f) - t(f). Determine n(-5).
3
Let f(r) = -r**3 - 40*r**2 - 202*r + 74. Let j be f(-34). Let y(v) = v - 5. What is y(j)?
1
Let d(y) be the second derivative of -y**5/20 + 13*y**4/12 + 13*y**3/6 + 7*y**2 - 33*y - 2. Calculate d(14).
0
Let g(z) = -2 + z + 3*z - z - 4*z. Suppose 8 = 4*b + 3*j, -5*b - 3*j = 2*j - 15. Determine g(b).
-1
Let d(t) = -4*t + 11. Let a(m) = m - 2. Let j(h) = 5*a(h) + d(h). Let z(o) = -o**2 - 5*o - 1. Let x be z(-3). Let v(l) = -l - 2. Let c be v(x). Give j(c).
-6
Let u(w) = 10*w + 4 + 5 - 10*w - 3*w + 2*w. Give u(4).
5
Let l(h) be the third derivative of h**8/6720 + h**7/504 - h**6/120 + h**4/8 + 2*h**2. Let m(z) be the second derivative of l(z). What is m(-6)?
0
Suppose -4*m + 5*z + 38 = 0, -5*m + 90*z + 43 = 86*z. Let f(x) = -x**3 + 5*x**2 + 13*x + 9. What is f(m)?
2
Let n(h) = 4*h**3 + 4*h**2 + 21*h - 1. Let c(m) = 19*m + 3*m**3 + 5*m**2 - 515 + 0*m + 513. Let w(t) = -5*c(t) + 4*n(t). Determine w(10).
-4
Let h be -6 + 1/(9/(-5) - -2). Let w(r) = -4*r**3 - r. Give w(h).
5
Let v(c) be the second derivative of -c**4/12 + c**3 + 3*c**2 - 237*c. Calculate v(7).
-1
Suppose 4*g = -3*h - 0*g + 9, 2*g - 11 = 5*h. Let f be (h + 3)/(0 + 1). Let r(v) = 2 + 75*v**2 - 74*v**2 - 3*v + 3*v. What is r(f)?
6
Let u be (-4 - -1) + 32/8. Let p(g) = -16*g. Determine p(u).
-16
Let r(k) be the first derivative of k**4/24 + 2*k**3/3 + 3*k**2 - 12. Let s(b) be the second derivative of r(b). What is s(5)?
9
Let g(t) = t + 1. Let q be g(2). Let a(n) be the second derivative of 1/2*n**2 + 0 - 1/6*n**3 - 4*n. Give a(q).
-2
Let g(c) = c**2 - 4*c - 5. Let l = -43 + 27. Let x(f) = f + 12. Let y be x(l). Let q = 1 - y. Determine g(q).
0
Suppose -17 = -2*j - 1. Let h(b) = -2*b - 4. Calculate h(j).
-20
Let d(n) be the first derivative of -n**2/2 - 8*n - 6. Let c = -38 - -34. Determine d(c).
-4
Let z(f) = f**2 + 6*f + 2. Suppose -i + 2070 - 2076 = 0. Determine z(i).
2
Let y(v) = 3*v**3 - 4*v**2 + 2*v + 2. Let m be (31/(-186))/(1*(-4)/48). What is y(m)?
14
Let s = 112 + -67. Let c be 129/s + 8/60. Let o(f) be the first derivative of f**4/4 - f**3 + f**2 + 2*f + 1. Determine o(c).
8
Suppose 3*m - 37 = -61. Let a(s) = -s**3 - 8*s**2 + 4. Calculate a(m).
4
Let x(z) = -21 - z**3 - 2*z + 0*z - z**2 + 24 + 2*z**2. Suppose -5*i + 35 = -5*j, -i - 4*j = -2*i + 22. Determine x(i).
-5
Let q(